inder when 1713 is divided by t?
10
Suppose -7*n = -287 - 1428. What is the remainder when 118 is divided by ((-686)/n)/(3/(90/(-4)))?
13
Suppose -91*g + 51871 = 43044. Suppose -5*i = 2*y - 46, 4*i - 29 = -0*i + y. Calculate the remainder when g is divided by i.
1
Let h = 4780 + -3087. What is the remainder when h is divided by 241?
6
Let j(i) = 2*i + 12. Let z be j(-5). Suppose -12 = -2*c - 5*l, 6*l - z*l - 64 = -5*c. Calculate the remainder when c is divided by 11.
5
Let c = 11215 - 10228. What is the remainder when 990 is divided by c?
3
Suppose -21*m = -107 - 93 - 94. What is the remainder when 340 is divided by m?
4
Suppose 2*f - 40 + 7 = 5*b, -f = b + 1. Calculate the remainder when 8415/275 - f/(-10) is divided by 10.
1
Let a(x) = 0 + 432*x - 452*x - 5 - x**2. Suppose 2*c = 5*s - 209 + 31, -3*s - c = -109. What is the remainder when a(-15) is divided by s?
34
Let a(i) = -146*i - 1855. What is the remainder when 617 is divided by a(-13)?
15
Suppose -4*b - 18 + 38 = 0. Calculate the remainder when 4/1 - b/(10/(-428)) is divided by 37.
33
Let h = 24 - 40. Let x = h + 29. Suppose -637*l - 110 + 1664 = -595*l. What is the remainder when l is divided by x?
11
Let n(x) = 6*x**2 - 30*x - 248. Calculate the remainder when n(-9) is divided by 9.
4
Let i(a) = 72*a**2 + a**3 - 145*a**2 + 80*a**2 - 12 + 4*a. Let w be i(-5). Suppose 16*q - w*q = -10. What is the remainder when q is divided by 3?
2
Let f(p) = 7*p + 6. Let i be f(5). Suppose -6*m - 19 = 149. Let q = i - m. Calculate the remainder when q is divided by 18.
15
Let x be 4 + -1 + (-6)/(-2). Calculate the remainder when (-3)/(9/(-818)) - 4/x is divided by 55.
52
Suppose 4*q + 33 = 3*q. Let o = q + 50. Let n = 53 + o. What is the remainder when n is divided by 18?
16
Let u(q) = 4*q**2 + 18*q - 18. Let i be u(-6). Suppose 48 = 2*g - i. What is the remainder when 158 is divided by g?
26
Calculate the remainder when ((-66)/9 + -4)*(-13)/(26/15) is divided by 30.
25
Suppose 5*n + 5*m = 35, 9 = 3*n - 3*m + 12. Suppose 9*o + n*q = 5*o + 46, -o + 16 = 3*q. What is the remainder when 52 is divided by o?
2
Let t = -1873 + 1895. What is the remainder when 1907 is divided by t?
15
Suppose 0*y - 16 = 4*y. Let a(o) = o**2 + 5*o + 8. Let z be a(y). Suppose 5*i = -z*p + 118, -2*i - 2*i = 5*p - 89. What is the remainder when i is divided by 9?
8
Suppose 32*i - 41 = 31*i. Calculate the remainder when i is divided by -33*7/21*-1.
8
Let g(r) = -r**3 - 34*r**2 + 81*r + 351. Calculate the remainder when 1163 is divided by g(-36).
2
Suppose 90*h = 87*h - 15. Let o(p) = -p**2 + 2*p + 1. Let u be o(-2). What is the remainder when 164 is divided by (-322)/u + h + 1?
38
Suppose 3*t - 5*h = 28, -t + 4*h + 8 + 6 = 0. Calculate the remainder when -1 + t + (-120)/(-25)*5 is divided by 7.
1
Let n be (700/300)/((-1)/(-3)). Calculate the remainder when 43 is divided by 43/n + (-12 - (-1328)/112).
1
Suppose 9*n - 357 = -105. Suppose 2*j + 3 = 3*j. Suppose 0 = -8*l + j*l + 545. What is the remainder when l is divided by n?
25
Let g = 3698 - 2655. What is the remainder when g is divided by 45?
8
Suppose 5*r + 3*w = 515, 68*w = -5*r + 73*w + 555. What is the remainder when r is divided by 28?
22
Let m be -4*1 - (2 + -2). Let n be (-9)/2*48/(m/(-1)). Let j = -32 - n. What is the remainder when 40 is divided by j?
18
Suppose -5*q - 41 = -3*h, -2*q - 8 = -0*q. Let x(c) = -3*c + 43. Let i be x(h). What is the remainder when 4 - 11/(i/(-156)) is divided by 29?
24
Let b(q) = q**3 + 14*q**2 + 5*q + 10. Calculate the remainder when (0 + 3/3)*97 is divided by b(0).
7
Let v(o) = -2*o - 13. Let b be v(-16). Suppose -11*q = -b*q + 368. Calculate the remainder when 93 is divided by q.
1
Suppose -4*s = 9*i - 6*i + 14, 3*i = -2*s - 4. Let u(t) = 3*t**3 + t**2 + 3*t - 2. Calculate the remainder when 5*(-5)/(25/(-92)) is divided by u(i).
28
Let i = 16 - -72. Suppose u + 4*p + 25 = 0, 5*u + 14*p = 19*p + 225. Calculate the remainder when i is divided by u.
26
Let d(q) = -7*q**2 - 27*q + 96. Let h(n) = -2*n**2 - n - 2. Let i(o) = -d(o) + 3*h(o). Calculate the remainder when 106 is divided by i(4).
6
Suppose -13*d + 99*d - 3930 = 9916. Calculate the remainder when d is divided by 43.
32
Let v = 43 - 21. Suppose 5*d - 13 = v. Suppose 0 = d*j + 69 - 783. What is the remainder when j is divided by 26?
24
Let n(w) = 5*w - 6. Suppose -42 = -46*q + 39*q. Calculate the remainder when 33 is divided by n(q).
9
What is the remainder when 555 is divided by ((-12 - -17 - 4/(-1)) + 2)*1?
5
Suppose -m = -j + 2*j, -m + 20 = -4*j. Suppose -m*o + 3024 = 24*o. Calculate the remainder when o is divided by 24.
12
Let m = 24111 - 23843. Calculate the remainder when m is divided by 236.
32
Let b(w) = -10*w - 2. Suppose 41*m + m + 3*n = 16260, 3*n - 1554 = -4*m. Calculate the remainder when m is divided by b(-3).
23
Suppose -1 = 2*a + 2*x + 13, 4*a + 5*x = -30. Calculate the remainder when 68 is divided by ((-464)/80)/(1/a).
10
Suppose -310*k + 152 = -308*k. What is the remainder when (-2*k/(-32))/(3/60) is divided by 16?
15
Suppose 5*q = -2*k - 1688, -4*k = 4*q + k + 1364. Let u = 341 + q. Calculate the remainder when 9 is divided by u.
4
Let j(z) = z**2 - 129*z + 4007. What is the remainder when j(47) is divided by 21?
6
Let d = 4429 + -4397. What is the remainder when 85 is divided by d?
21
Let v(r) be the first derivative of r**3/3 + 7*r**2/2 + 27*r + 2. What is the remainder when v(-6) is divided by 12?
9
Let o(v) = 2*v**2 + v - 110. What is the remainder when o(-9) is divided by (-2)/(-5)*180/6?
7
Let u = -15794 + 15925. Calculate the remainder when 316 is divided by u.
54
Calculate the remainder when 196 is divided by (4 - -216)/(14/7).
86
Suppose -a = o - 4, -a - 3*o - 7 + 21 = 0. Let q = -1488 - -1510. Calculate the remainder when (a - -2)/1 + 62 is divided by q.
19
Let f be (124/6)/((-18)/(-27)). Suppose 0 = 2*t + a - f, 2 = 3*t + 3*a - 43. Suppose -19 = -k + t. What is the remainder when 174 is divided by k?
34
Let g(s) = -245*s - 355. Calculate the remainder when 1907 is divided by g(-3).
7
Suppose -4*m + 9*m - 4945 = 0. Suppose 6*v + 5*d = 5*v + m, v = -d + 969. Suppose 5*p - v = -249. Calculate the remainder when p is divided by 24.
23
Let l(x) = -x + 4. Let t be l(-1). Suppose -28 = t*k + 77. Let w(q) = q + 31. Calculate the remainder when w(k) is divided by 6.
4
Suppose -8980 = -118*r - 1352 + 14792. What is the remainder when 537 is divided by r?
157
Suppose 3*k - 2*r - 6 = 0, k + 4 = 3*k - 2*r. Suppose -k*g - 25 = -121. What is the remainder when 191 is divided by g?
47
Let h = -6395 + 6573. What is the remainder when h is divided by 133?
45
Let j(s) = 59*s**2 - 819*s - 90. Calculate the remainder when 20367 is divided by j(14).
7
Suppose -4*o = 83 + 3253. Calculate the remainder when (2/4)/(-11 + (-9177)/o) is divided by 4.
3
Suppose -1330*b + 864 = -1322*b. Calculate the remainder when 170 is divided by b/(-36) - (-73 - 0).
30
Let n(l) = l**2 - 7*l + 26. Let z be n(7). Let g = 7 - -75. Calculate the remainder when g is divided by z + -7 + -4 + 6.
19
What is the remainder when 362 is divided by 4 + (-1934)/(-21) + -16 + 4008/252?
74
Suppose -3*h - 460 + 2208 = 5*l, -586 = -h - l. What is the remainder when h is divided by 20?
11
Suppose -10*h + 25*h - 55*h + 2040 = 0. What is the remainder when 7546 is divided by h?
49
Let y(p) = 7 + 1 - 3 + 2*p + 6. Let u be y(-5). Calculate the remainder when 106 is divided by u/(645/(-162) - -4).
52
Calculate the remainder when 466 is divided by (246/15 - 10)/(3/15).
18
Suppose -62381 - 988083 = -272*h. Calculate the remainder when h is divided by 90.
82
Let o(g) = -8*g**2 + 5*g**3 + 8*g**3 + 21 - 10*g - 12*g**3. Suppose 3*c + 3*r - 33 = -0*c, -3*c - 5*r = -37. What is the remainder when 21 is divided by o(c)?
9
Let n(f) = f**3 + 5*f**2 - 8*f - 9. Let p be n(-6). Suppose -p*g - 2*g + 590 = 0. What is the remainder when g is divided by (-25 - 266/(-10)) + (-192)/(-5)?
38
Let b(y) = 8*y**2 + 187*y + 2756. What is the remainder when 3977 is divided by b(-18)?
13
What is the remainder when 8/20*((-41990)/(-4))/17 is divided by 134?
113
Let b = 9338 - 9268. Calculate the remainder when b is divided by 53.
17
Let o be (-8)/(-18) - (-45178)/126 - -4. Suppose -7*a + o = -568. What is the remainder when a is divided by 